ite?
True
Is 40420920529 a composite number?
True
Is 61918261109 a composite number?
False
Is 816869687 a prime number?
True
Is 4557952907 a composite number?
False
Is 140141662909 composite?
False
Is 9819483871 prime?
True
Is 3255967457 prime?
True
Is 16342612799 composite?
False
Is 978695131 prime?
False
Is 421484033 a prime number?
False
Is 6716586319 a composite number?
True
Is 1703809351 prime?
True
Is 3411924707 composite?
False
Is 16523058161 composite?
False
Is 130735697 prime?
False
Is 11908612921 composite?
True
Is 239651719 a composite number?
False
Is 828376891 prime?
True
Is 220016891 prime?
True
Is 158937361091 a composite number?
False
Is 31687041997 a composite number?
True
Is 1505659481 prime?
True
Is 19737536099 composite?
True
Is 5550095857 a prime number?
False
Is 152377159 composite?
True
Is 664417297 prime?
True
Is 20338416011 a composite number?
True
Is 5753883127 prime?
False
Is 32646199181 composite?
False
Is 4296867719 a prime number?
False
Is 1711447513 prime?
True
Is 7917666503 prime?
True
Is 177807224099 prime?
True
Is 16075376093 composite?
True
Is 999937171 composite?
True
Is 7203703033 a composite number?
False
Is 131470643171 a composite number?
True
Is 43216788817 a composite number?
False
Is 762979003 prime?
True
Is 335411183 composite?
False
Is 8856488273 composite?
False
Is 16657032811 composite?
True
Is 3261964207 composite?
False
Is 934846651 composite?
False
Is 2437011077 prime?
True
Is 16927289 a prime number?
True
Is 4094019187 composite?
False
Is 109984134323 a composite number?
True
Is 58725841 a composite number?
True
Is 17298780377 a composite number?
False
Is 141907127 a composite number?
False
Is 58210249829 prime?
True
Is 143697339887 a prime number?
False
Is 630949237 composite?
True
Is 128599789 a prime number?
False
Is 17669908409 composite?
True
Is 69034495461 prime?
False
Is 1080127855 a prime number?
False
Is 19905706771 composite?
False
Is 4503841189 prime?
False
Is 1194191623 a composite number?
False
Is 50023550803 composite?
False
Is 126609269 a composite number?
False
Is 155967631 a prime number?
False
Is 8992650059 composite?
False
Is 235299949 a composite number?
True
Is 52753101367 a composite number?
False
Is 357819493 composite?
False
Is 690184127 prime?
True
Is 53412876449 a prime number?
True
Is 17868561863 a composite number?
False
Is 2676228403 a composite number?
False
Is 6453144407 a composite number?
False
Is 25908656939 composite?
True
Is 51907424323 a prime number?
True
Is 135791933 a composite number?
True
Is 80143588163 a prime number?
True
Is 1494697973 a composite number?
True
Is 486413371 a prime number?
True
Is 919407763 a prime number?
False
Is 45813244726 prime?
False
Is 2299283863 composite?
True
Is 52792388611 composite?
True
Is 1919572027 composite?
False
Is 16128531299 a composite number?
False
Is 20445846427 a prime number?
True
Is 179881568261 prime?
False
Is 1197092833 a prime number?
True
Is 8307504817 a composite number?
False
Is 6340011889 prime?
True
Is 3096103061 a composite number?
False
Is 4811844689 prime?
True
Is 27244170581 composite?
False
Is 4454266417 composite?
False
Is 65683003345 a prime number?
False
Is 392998273 a prime number?
False
Is 193758221 composite?
True
Is 454057579 composite?
False
Is 1940079179 a composite number?
False
Is 1375824427 a composite number?
False
Is 3301617511 prime?
False
Is 788767169 a prime number?
False
Is 20647540957 a prime number?
True
Is 67240654211 a composite number?
True
Is 3289098563 composite?
True
Is 4550858881 a composite number?
False
Is 4477062133 a composite number?
False
Is 1549654451 prime?
True
Is 18795430777 prime?
True
Is 2589547799 a prime number?
False
Is 970034903 prime?
True
Is 2035880969 prime?
True
Is 37146103901 a prime number?
True
Is 184441753 a composite number?
False
Is 409142087 a prime number?
False
Is 37347514417 a prime number?
True
Is 151826149 prime?
True
Is 19786061 composite?
False
Is 4694040809 composite?
False
Is 60542171 composite?
False
Is 8835523783 a prime number?
False
Is 51612704639 a prime number?
True
Is 20855418601 a composite number?
False
Is 5479735363 prime?
True
Is 6608321 a composite number?
False
Is 1103600189 a prime number?
True
Is 4455614987 a composite number?
False
Is 5761296893 composite?
True
Is 53258228557 a prime number?
False
Is 157519469 prime?
True
Is 5300270851 a composite number?
False
Is 1783607383 composite?
False
Is 47149733 a prime number?
False
Is 248270747 prime?
False
Is 13292887 a prime number?
False
Is 93594671 a composite number?
False
Is 49110322507 a prime number?
True
Is 269561323 prime?
True
Is 2913011743 a composite number?
False
Is 48327312911 prime?
True
Is 119324093 composite?
True
Is 7964807527 prime?
True
Is 163362679 a composite number?
False
Is 35571443 a composite number?
False
Is 1827414233 a composite number?
False
Is 1943834707 a prime number?
False
Is 8849513639 prime?
False
Is 546462817 a composite number?
False
Is 2228156431 a prime number?
False
Is 51761482151 composite?
True
Is 22593032269 a prime number?
False
Is 2820421507 a prime number?
True
Is 4275818543 a prime number?
True
Is 13107256091 a prime number?
False
Is 3000670573 a prime number?
False
Is 1643031926 a composite number?
True
Is 424886753 composite?
True
Is 8334529817 a prime number?
False
Is 44292695389 a composite number?
True
Is 14806926287 a composite number?
True
Is 201962921 a composite number?
True
Is 87461278 composite?
True
Is 88763382941 a prime number?
False
Is 4790629793 composite?
False
Is 15535707281 a prime number?
True
Is 196257194677 a composite number?
False
Is 390396427 a composite number?
True
Is 2735485091 prime?
True
Is 7723819261 composite?
True
Is 1352229421 a composite number?
True
Is 1117835647 a composite number?
False
Is 9022492819 composite?
False
Is 116188347277 prime?
True
Is 1890615793 composite?
True
Is 30277482591 composite?
True
Is 67827744995 a composite number?
True
Is 3990723179 prime?
True
Is 989032157 a composite number?
False
Is 851742523 a prime number?
True
Is 1425297931 prime?
True
Is 14609532103 a composite number?
True
Is 104728541 prime?
False
Is 6608460953 composite?
True
Is 771992237 composite?
False
Is 36334244203 a composite number?
True
Is 617178833 a composite number?
True
Is 1467295183 a composite number?
False
Is 700716131 composite?
True
Is 36002303 composite?
False
Is 46241971793 a prime number?
False
Is 8540270731 a composite number?
True
Is 11731619077 prime?
False
Is 12117749041 composite?
False
Is 10536644359 composite?
True
Is 22909254373 a prime number?
False
Is 1211498395 a composite number?
True
Is 9493176881 a composite number?
False
Is 15587685055 composite?
True
Is 39802557433 prime?
True
Is 276943817281 prime?
True
Is 1125834641 a composite number?
True
Is 16340122009 composite?
False
Is 11856659207 a prime number?
False
Is 6718583129 a prime number?
True
Is 35578662323 a prime number?
False
Is 25241486189 composite?
False
Is 226488487 a composite number?
True
Is 176490385249 prime?
False
Is 17064271429 a composite number?
False
Is 15848409413 prime?
False
Is 189170455969 a prime number?
False
Is 3934701517 a prime number?
False
Is 7864899613 composite?
False
Is 1686557669 prime?
False
Is 180982528549 composite?
False
Is 1428240529 a prime number?
True
Is 865191661 a prime number?
False
Is 42624700259 composite?
True
Is 1286860039 prime?
True
Is 21003735737 a composite number?
False
Is 9725643731 a prime number?
True
Is 1551539837 prime?
False
Is 417468241 prime?
False
Is 52465847591 a composite number?
True
Is 653189099 prime?
False
Is 21941986673 a composite number?
False
Is 202842581 a composite number?
False
Is 11769252361 a composite number?
True
Is 1966860197 prime?
False
Is 3272470057 a composite number?
False
Is 5342091821 a composite number?
True
Is 155836979 composite?
False
Is 27793750961 a composite number?
False
Is 45641047637 composite?
False
Is 780097685 prime?
False
Is 2201160263 a composite number?
True
Is 21323469337 a composite number?
True
Is 7901323303 a composite number?
False
Is 522077455 composite?
True
Is 30660750739 composite?
True
Is 3579404593 a composite number?
False
Is 827483983 composite?
True
Is 4411040267 composite?
True
Is 1224141587 a compos